 9. Let k = -16318 - -16311. What is p(k)?
-30
Let q be ((336/(-154))/4)/((-6)/44). Let r(g) = g + 5. Calculate r(q).
9
Let h(b) = 38 + 51 + 22 - 104 - 30*b + 23. Let x be h(1). Let l(w) = 2*w**2 + 2*w - 27. Let n(z) = -z**2 - z + 13. Let g(k) = 6*l(k) + 13*n(k). Calculate g(x).
7
Let p = -1 + 3. Let u(l) = 0 - l**2 - 3 - p*l - l. Suppose -656*q - 1308 = -2*q. Give u(q).
-1
Let i(l) = -l**3 + 8*l**2 + 5*l + 8. Suppose -214*v + 232*v = 144. Determine i(v).
48
Suppose -3*k + 3*a - a = -16, k - 3*a - 10 = 0. Suppose -u = -2 + k. Let g(m) = -4*m - 53952*m**2 + 0 + 53949*m**2 - 2. Determine g(u).
-6
Let d(r) = -3*r - 121. Let i be d(-43). Let l(u) = i*u - 13*u - 2*u. Calculate l(2).
-14
Let z(n) = -n**3 + 12*n**2 + 32*n - 53. Let d be z(14). Let s = 0 - d. Let w(a) = 3*a - 2*a**2 - 3*a - 4*a - 1. What is w(s)?
-7
Let m(s) be the second derivative of -s**3/6 - 2*s**2 - 38*s. Suppose -15*q + 30 + 105 = 0. Calculate m(q).
-13
Let m(n) = 59*n - 300. Let q be m(5). Let w(k) = 2*k**3 + 9*k**2 - 6*k + 2. Determine w(q).
7
Let m(c) = 8*c**3 - 17*c**2 + 3*c + 9. Let h(z) = -5*z**3 + 9*z**2 - z - 5. Let g be (-5)/(-3)*(-3)/1. Let s(t) = g*h(t) - 3*m(t). Calculate s(-6).
22
Let q(u) = -u**3 + 7*u**2 - 10*u + 9. Let a be (-7 - (-3437)/35) + 2/(-10). Let m = a + -85. Let y be 6 + (4 - 2) + m/(-3). Calculate q(y).
-15
Let x(i) = i**3 + 19*i**2 + 25*i + 467. Let r be x(-19). Let w(a) = a**3 + 5*a**2 - 22*a + 10. Give w(r).
-6
Suppose 5*n + 13 = -4*w - 27, w + 3*n + 17 = 0. Let z(s) = -s**2 + 2*s + 5. Let a(r) = -r. Let h(c) = 2*a(c) + z(c). Give h(w).
-20
Let m(u) = -u**2 - 9*u - 16. Let d be 4/(-34) - (-195)/1275*-45. Give m(d).
-2
Suppose 5*h - 11*h + 6 = 0. Let l(x) = -h + 6*x**2 - 2 + 7*x + 2 - 8*x**2. Calculate l(5).
-16
Let i = 70 + -66. Let t be (i/12)/(3/(-18) - 0). Let w(q) = 880*q - 873*q + 3 + 0. Calculate w(t).
-11
Let l(f) = -10 - 79*f**2 + 149*f**2 - 5*f - 71*f**2. Let s = 434 - 439. Calculate l(s).
-10
Let w(r) be the third derivative of -r**6/120 - r**5/10 - r**4/24 - 35*r**3/6 + 2*r**2 + r + 120. Give w(-6).
-29
Let b be ((-6)/(-4) + 1)/((-3250)/(-5200)). Let r(x) = -x**3 + 5*x**2 - 6*x + 3. Calculate r(b).
-5
Let b(o) be the first derivative of -9*o**4/4 - o**2 + 2*o - 2. Suppose 576*p - 292 = 284*p. Determine b(p).
-9
Let b be (-6 - (-518)/84)*-6. Let r(i) = -6*i**2 - 2*i - 3*i**3 + 5*i**2 - 3*i**3 - 1. What is r(b)?
6
Suppose -592*s + 581*s = -33. Let w(z) = z + 3*z**2 - 112 + 115 - z**3 - 3*z**2 + z**2. What is w(s)?
-12
Let u(a) = -2*a**3 - 7*a**2 + 7. Let l be u(-3). Let x be ((-46)/(-92))/(l/(-8)). Let c(v) = -6*v**2 + v + 2. What is c(x)?
-20
Let c(n) = n**2 + 7*n + 5. Suppose 4*q + j + 4 = 5*q, -5*q + 20 = -2*j. Suppose 4*b - 10 - 18 = q*h, 4*h = b - 19. Determine c(h).
-7
Suppose -11*m = -6*m + 5*p - 70, 2*p + 22 = 3*m. Suppose 0 = -25*a + m*a + 105. Let t(d) = -d + 9. Calculate t(a).
2
Let q(f) = -f**2 - f - 1. Let p(u) = -1. Let k(n) = 19*n - 76. Let l(t) = -k(t) + 76*p(t). Let b be l(-1). Let y = 19 - b. Give q(y).
-1
Let y(z) = z**3 - 6*z**2 - 65*z + 50. Let a be y(-6). Let l(i) = -2*i**2 + 13*i - 9. Calculate l(a).
-33
Let z(h) be the second derivative of h**4/6 - 3*h**3 - h**2/2 - 19*h. Let a be ((-2646)/(-490))/(6/10). Determine z(a).
-1
Let d(l) = 3*l**2 - 7*l - 32. Let f(p) = 6*p**2 - 14*p - 51. Let i(q) = -5*d(q) + 3*f(q). Calculate i(4).
27
Let t(m) = -127*m + 510. Let q be t(4). Let d(z) = z**3 + z**2 - 4*z + 6. Calculate d(q).
10
Let i be (-3)/18 - 109/(-6). Let a(n) = -38*n + 16*n + i*n + 5. Let q(h) = h - 1. Let l(p) = a(p) + 5*q(p). Determine l(-2).
-2
Let r(n) = 5*n + 2*n - 5 + n + 3*n - 9*n**2. Let q(t) = -5*t**2 + 6*t - 3. Let i(z) = 7*q(z) - 4*r(z). Give i(-2).
7
Let f(w) = 3*w**3 - 8*w + 7*w**2 - 5*w**3 - 22*w**2 - 10 + 27*w**2. Give f(5).
0
Let j = -2 - 2. Let n(y) be the first derivative of -y**4/4 - 7*y**3/3 - 3*y**2 - 2*y - 3912. Calculate n(j).
-26
Let m(u) be the third derivative of -u**6/360 - u**5/30 + 7*u**4/24 - 2*u**3/3 - 28*u**2. Let q(c) be the first derivative of m(c). Calculate q(-6).
-5
Let m(q) be the first derivative of q**5/60 + q**4/4 + q**3/2 - q**2 - 4*q - 59. Let z(l) be the second derivative of m(l). Give z(-4).
-5
Let a be 18/(-21) + (-105)/49. Let f be (13/26)/(a/42). Let u(d) = -d**2 - 8*d + 2. Give u(f).
9
Let m(h) = -4*h + 125. Let g(b) = -2*b**3 - 8*b**2 + 22*b + 116. Let f be g(-4). What is m(f)?
13
Let v = -5 - -1. Let d(f) be the third derivative of f**5/60 - f**4/12 - f**3 + 2*f**2 - 5128*f. Determine d(v).
18
Let j = -630 + 638. Suppose 5*i + 4*r + 1 = 0, j*r - 2 = -2*i + 4*r. Let y(m) = -5*m. Determine y(i).
5
Let q be 0 + 1 + (3/(-2))/((-42)/(-84)). Let t(z) = 3*z**2 - z + 3. Determine t(q).
17
Let h(z) = z - 1. Let j(g) be the second derivative of 2*g**3/3 + g**2/2 - 3*g. Let a(w) = -2*h(w) - j(w). Let k be (250/(-30) - -7)*(-3)/(-4). What is a(k)?
7
Let m be -2 + 16/6 + (-17)/(-51). Let t(n) = -7 + 8*n + m + 6 - 4. Let x(v) = -15*v + 7. Let q(s) = 5*t(s) + 3*x(s). Give q(-1).
6
Let p(h) = 3*h + 8. Let v = -8 - -10. Let i be v/7 - 648/63. What is p(i)?
-22
Let g(a) be the first derivative of 2*a**2 + 16*a - 696. Determine g(-12).
-32
Let p(o) = 7*o**3 + 18*o**2 - o - 12. Let r(z) = -2*z**3 - z**2 + z + 3. Let l(m) = p(m) + 3*r(m). Give l(-15).
-33
Let o(a) = a**3 + 7*a**2 + 8*a + 15. Suppose 0 = l + 2*l + 21. Let h be o(l). Let t = 34 + h. Let v(q) = -q**3 - 7*q**2 + 2*q + 10. What is v(t)?
-4
Let r(t) = -2*t**2 - t - 2. Let i be ((-2)/(-7))/((-7)/(-147)). Suppose -i = -3*n + 5*n. Give r(n).
-17
Let t(a) be the second derivative of -1/12*a**4 + 0 + 4/3*a**3 - 199*a - 3*a**2. Suppose 2*p = 4, -4*x = -2*x + 4*p - 18. Calculate t(x).
9
Let z(l) be the third derivative of 11*l**4/24 - 113*l**3/2 - 31*l**2 - 56. What is z(30)?
-9
Let d(h) = h**2 - 3*h + 4. Let s(x) = 6*x**2 + 7*x + 38. Let n(b) = 5*d(b) - s(b). Give n(-22).
-18
Let i(c) = -8*c - 77. Let m be i(-10). Let a(t) = -54*t**2 + 27*t**2 - m*t + 26*t**2. Let p = 0 - 2. Calculate a(p).
2
Suppose 4*o - 5*f = 15, 4*o + 8 - 17 = 3*f. Suppose o = 7*x - x + 54. Let v(t) = 2*t - 1. What is v(x)?
-19
Let o(c) = -4*c**3 - 12*c**2 + 18*c - 3. Let k(n) = 5*n**3 + 13*n**2 - 20*n + 3. Let z(v) = -5*k(v) - 6*o(v). Let g = 1107 - 1102. Determine z(g).
13
Let h be (-10 - -16)*6/(-9) - -3. Let z(l) = 24*l + 1. Determine z(h).
-23
Let h(d) be the second derivative of d**4/12 + 3*d**3 + 8*d**2 - 2*d. Suppose 4*n - 1938 = -2006. Calculate h(n).
-1
Suppose -148*k = -66 - 230. Let g(l) = l + 11. What is g(k)?
13
Let f(l) be the first derivative of 2*l**3/3 + 13*l**2/2 + 33*l - 2889. Determine f(-6).
27
Let v(d) be the second derivative of -d**4/6 - 4*d**3/3 + d**2/2 - 50*d. Suppose -669*i = -676*i - 35. What is v(i)?
-9
Let s(p) = p**3 - 9*p**2 + 2*p - 11. Let h(w) = -w**3 + 9*w**2 + 53*w - 12. Let i be h(13). Let m(f) = 7*f + 6*f - 4*f. Let t be m(i). What is s(t)?
7
Let m(y) = -y**2 - 6*y - 2. Let r(o) = 8*o + o - 8*o + 2. Let n(j) = m(j) - r(j). Determine n(-5).
6
Suppose -16*f = -54*f + 76. Let k(d) = -50*d - 2. Give k(f).
-102
Let s(a) = 6*a**3 + 3*a**2 - 2*a - 1. Let h(b) = 9*b**3 + 0*b**2 - 4*b**3 - b - 1 + 2*b**2. Let o = 302 + -304. Let d(v) = o*s(v) + 3*h(v). What is d(1)?
3
Let u(z) = 12 - 8*z + 14*z + 2 - 37*z. What is u(1)?
-17
Suppose 181*r + 4*i - 68 = 185*r, -25*i = 2*r - 74. Let a(u) = 11*u - 24. Let g(c) = 5*c - 12. Let z(w) = 6*a(w) - 13*g(w). Give z(r).
-1
Suppose -5*w = -131 - 159. Suppose 4*t + w = 33*t. Let m(b) be the second derivative of b**5/20 - b**4/6 + b**3/3 - 3*b**2/2 + b. Calculate m(t).
1
Let y(v) = -v**3 + 3*v**2 - 2. Let b be ((-21)/6 - -2)/(3/(-6)). Let x(j) = -j**3 + j**2. Let n be x(0). Suppose -2*k + b*k - 3 = n. Determine y(k).
-2
Let u(t) = 41*t**3 + 6*t**2 + 6*t - 10. Let h(f) = 63*f**3 + 9*f**2 + 9*f - 14. Let z(y) = 10*h(y) - 14*u(y). Determine z(-1).
-56
Let d be 4/(-30) - 26/30 - 1. Let u(a) = -10*a + 1. Let z(w) = 19*w - 2. Let h(f) = 5*u(f) + 3*z(f). Determine h(d).
-15
Suppose -5*v - 7 - 8 = 0. Let p(u) = 2*u**2 - u + 4*u - 2*u - 5 - 31*u**3 + 32*u**3 + 3. Determine p(v).
-14
Let b(i) = -3*i + 50 - 13*i**2 + 3*i**3 - 10 - 33 - 4*i**3. Determine b(-12).
-101
Let q(l) = -l**2 + l + 10. Let r be (-2 - (-4)/5)/(16/(-40)). Let v be q(r). Let p = 2 - v. Let a(s) = 6*s**2 - s - 2. Give a(p).
24
Let c(